{"version":"1.0","provider_name":"AGND","provider_url":"https:\/\/www.agnd.eu","title":"Jugne Welt: Faeser cybert Grundgesetz - AGND","type":"rich","width":600,"height":338,"html":"<blockquote class=\"wp-embedded-content\" data-secret=\"AaHDHf8qKO\"><a href=\"https:\/\/www.agnd.eu\/index.php\/2022\/07\/13\/jugne-welt-faeser-cybert-grundgesetz\/\">Jugne Welt: Faeser cybert Grundgesetz<\/a><\/blockquote><iframe sandbox=\"allow-scripts\" security=\"restricted\" src=\"https:\/\/www.agnd.eu\/index.php\/2022\/07\/13\/jugne-welt-faeser-cybert-grundgesetz\/embed\/#?secret=AaHDHf8qKO\" width=\"600\" height=\"338\" title=\"&#8222;Jugne Welt: Faeser cybert Grundgesetz&#8220; &#8211; AGND\" data-secret=\"AaHDHf8qKO\" frameborder=\"0\" marginwidth=\"0\" marginheight=\"0\" scrolling=\"no\" class=\"wp-embedded-content\"><\/iframe><script type=\"text\/javascript\">\n\/* <![CDATA[ *\/\n\/*! This file is auto-generated *\/\n!function(d,l){\"use strict\";l.querySelector&&d.addEventListener&&\"undefined\"!=typeof URL&&(d.wp=d.wp||{},d.wp.receiveEmbedMessage||(d.wp.receiveEmbedMessage=function(e){var t=e.data;if((t||t.secret||t.message||t.value)&&!\/[^a-zA-Z0-9]\/.test(t.secret)){for(var s,r,n,a=l.querySelectorAll('iframe[data-secret=\"'+t.secret+'\"]'),o=l.querySelectorAll('blockquote[data-secret=\"'+t.secret+'\"]'),c=new RegExp(\"^https?:$\",\"i\"),i=0;i<o.length;i++)o[i].style.display=\"none\";for(i=0;i<a.length;i++)s=a[i],e.source===s.contentWindow&&(s.removeAttribute(\"style\"),\"height\"===t.message?(1e3<(r=parseInt(t.value,10))?r=1e3:~~r<200&&(r=200),s.height=r):\"link\"===t.message&&(r=new URL(s.getAttribute(\"src\")),n=new URL(t.value),c.test(n.protocol))&&n.host===r.host&&l.activeElement===s&&(d.top.location.href=t.value))}},d.addEventListener(\"message\",d.wp.receiveEmbedMessage,!1),l.addEventListener(\"DOMContentLoaded\",function(){for(var e,t,s=l.querySelectorAll(\"iframe.wp-embedded-content\"),r=0;r<s.length;r++)(t=(e=s[r]).getAttribute(\"data-secret\"))||(t=Math.random().toString(36).substring(2,12),e.src+=\"#?secret=\"+t,e.setAttribute(\"data-secret\",t)),e.contentWindow.postMessage({message:\"ready\",secret:t},\"*\")},!1)))}(window,document);\n\/\/# sourceURL=https:\/\/www.agnd.eu\/wp-includes\/js\/wp-embed.min.js\n\/* ]]> *\/\n<\/script>\n","thumbnail_url":"https:\/\/www.agnd.eu\/wp-content\/uploads\/2022\/08\/pexels-pixabay-70573.jpg","thumbnail_width":2500,"thumbnail_height":1784,"description":"Die Junge Welt berichtete \u00fcber die Cybersicherheitsagenda und fragte dazu unsere Einsch\u00e4tzung an. \u00bbDie Cybersicherheitsagenda der Bundesinnenministerin Faeser ist desastr\u00f6s\u00ab, kommentiert Caroline Krohn von der unabh\u00e4ngigen Arbeitsgemeinschaft Nachhaltige Digitalisierung gegen\u00fcber junge Welt. Von den freiheitlichen, b\u00fcrger- und grundrechtlichen Ambitionen des Koalitionsvertrages sei darin nicht mehr viel zu erkennen. Neue F\u00e4higkeiten f\u00fcr das BSI seien zwar [&hellip;]"}

Die Junge Welt berichtete über die Cybersicherheitsagenda und fragte dazu unsere Einschätzung an. »Die Cybersicherheitsagenda der Bundesinnenministerin Faeser ist desaströs«, kommentiert Caroline Krohn von der unabhängigen Arbeitsgemeinschaft Nachhaltige Digitalisierung gegenüber junge Welt. Von den freiheitlichen, bürger- und grundrechtlichen Ambitionen des Koalitionsvertrages sei darin nicht mehr viel zu erkennen. Neue Fähigkeiten für das BSI seien zwar [&hellip;]
